alculate the remainder when 158 is divided by z(0).
52
Let q = 274 + 411. Suppose -2*w - 5*x = -q, 5*w - 1047 = 2*w - x. What is the remainder when w is divided by 27?
26
Let w(m) = 9562*m - 4821. Calculate the remainder when w(3) is divided by 204.
201
Let c = 199 + -194. Suppose -4*o = 5*s - 231 - 108, -5*s + c*o + 375 = 0. What is the remainder when s is divided by 38?
33
Suppose 3*f = 5*i + 5*f - 3564, 2*i - 4*f - 1440 = 0. Calculate the remainder when i is divided by 236.
6
Let s = -241 + -21. Let r = 337 + s. What is the remainder when 298 is divided by r?
73
Let n = -428 + 511. Calculate the remainder when 0/((-20)/(-5)) + n is divided by 43.
40
Let a be 9/(-6)*(-3 - 246/18). Calculate the remainder when 10/(a/20 + -1) is divided by 86/5 - 2/10.
6
Suppose 5*y + 5*o = -15, 4*y + 2*o + o = -8. What is the remainder when 368/(-12)*3/(-2) is divided by (12 - 6) + 1/y?
4
Let f = -180 + 132. Calculate the remainder when 87 is divided by (-7)/(42/f) + 2.
7
Let z(l) = -l**2 - 105*l - 1388. Let w(a) = -a**3 - 2*a**2 - a + 1. Calculate the remainder when z(-89) is divided by w(-2).
0
Let s = 745 - 503. Suppose -2*k - 1170 = -5*v - 0*v, v - 2*k = s. Calculate the remainder when v is divided by 18.
16
Suppose 28 = 8*c - 348. Let q = c - 45. Calculate the remainder when 8 is divided by q.
0
Let y be (-4)/6 + (-4 - (-161)/21). Calculate the remainder when -1 + 62 + (-12 + 3)/y is divided by (-1)/(0 + (-3)/60).
18
Let m(x) = x + 6. Let d be m(0). Suppose 3*f = f - d, 0 = -3*u - 3*f + 45. Suppose -4*r + 51 - 7 = 0. Calculate the remainder when u is divided by r.
7
Suppose -f - 2*f = -315. Let u be 3 + 2/(-2*3/3). Suppose -n - 2*n = -4*k - 128, -u*n = -k - 77. What is the remainder when f is divided by n?
33
Calculate the remainder when 83 is divided by (1544/(-26))/(-4) - (-126)/819.
8
Let i(t) = -3*t + 14. Let k be i(8). Let q = -8 - k. Suppose -38 - 33 = -q*u - 5*d, 169 = 5*u + 4*d. What is the remainder when u is divided by 9?
6
Let k be 19215/36 - 5/(-20). Let b = -458 + k. What is the remainder when b is divided by 24?
4
Suppose 423*d - 287*d = -370*d + 143704. What is the remainder when d is divided by 19?
18
Let m = -13384 - -13857. What is the remainder when m is divided by 25?
23
Suppose 0 = 271*k - 266*k + 3*c - 4880, 5*c + 1952 = 2*k. Calculate the remainder when k is divided by 89.
86
Let h = -483 - -149. Calculate the remainder when 6/(-8) + h/(-8) + -2 is divided by 8.
7
Suppose 0 = -55*n - 1208 + 11493. Suppose -11*s = -n - 704. What is the remainder when 157 is divided by s?
76
Let b = 6311 + -6136. Calculate the remainder when b is divided by 86.
3
Let o be 1/3 - (105/(-9) - -9). Suppose 10*m - 91 = o*m. Calculate the remainder when 36 is divided by m.
10
Let y(o) = o**3 - 20*o**2 - 20*o - 19. Let q be y(21). Let g(c) = 5*c**2 + 5*c - 2. Calculate the remainder when g(q) is divided by 5.
3
Let u(c) = -2*c. What is the remainder when u(-6) is divided by ((-16)/(-6))/(-16*26/(-1560))?
2
Let g = -37093 - -37128. What is the remainder when 6433 is divided by g?
28
Let w be (-375)/20*(-40)/6. Suppose 3*y - 39 = -c, 5*c - 7*y + 8*y - w = 0. What is the remainder when 45 is divided by c?
21
Suppose 223 = 3*l - x + 3*x, -3*x = -2*l + 166. Suppose -77 = 4*k - 25. What is the remainder when l is divided by (-5)/(((-39)/(-12))/k)?
17
Let j(z) = 5*z - 41. Suppose 11*p - 8 - 91 = 0. Let a be j(p). Suppose 1 - 7 = -m - 2*g, -a*g = -3*m + 38. What is the remainder when 69 is divided by m?
9
What is the remainder when 6800/7 - 2/((-17)/2 - -5) is divided by 19?
3
Let x be (7/(-7 - -14))/((-3)/(-24)). Suppose -3936 = -24*o - x*o. Calculate the remainder when o is divided by 42.
39
Let j(y) = -4*y**3 + 40*y**2 + 323*y - 46. What is the remainder when j(-7) is divided by 12?
5
Let f = 329 - 312. Let m = 448 + -60. Suppose -3*k - k + m = 4*j, -2*j + 4*k + 212 = 0. Calculate the remainder when j is divided by f.
15
Let n(y) = 31*y**2 + 1486*y - 86. What is the remainder when 56 is divided by n(-48)?
6
Let b = -22635 - -22660. What is the remainder when 4070 is divided by b?
20
Suppose -515648 = 1395*x - 1427*x. What is the remainder when x is divided by 237?
235
Let g(x) be the second derivative of -4*x + x**3 + 0 + 2*x**2 - 1/6*x**4. What is the remainder when 4 is divided by g(3)?
0
Suppose 4*l = -13*h + 8*h + 2646, 2*h = 3*l + 1040. Suppose 3*n - h = n. What is the remainder when n is divided by 22?
21
Calculate the remainder when 0 + 79 + 1 + -2 is divided by (34/(-102)*(-6)/(-5))/((-15)/750).
18
Suppose 4*w - w - 167 = -2*a, -w - a = -57. Let k(s) = 65 - 2*s**2 - w - 40*s - 39. Calculate the remainder when 39 is divided by k(-19).
6
Let m(k) = 2*k**2 + 3*k - 3. Suppose 5*n = -2*n + 11*n - 884. Calculate the remainder when n is divided by m(-5).
29
Let r = 189 + -230. Calculate the remainder when 105 is divided by (-35)/((-63)/(-9)) - 1*r.
33
What is the remainder when 4/(-14) + (-36284490)/(-1386) is divided by 9?
7
Let s(v) = 298*v**3 + 4*v**2 + 7*v + 3. Let c be s(-1). Let i = c - -357. What is the remainder when i is divided by 33?
26
What is the remainder when 2031 is divided by 8*196/544 + 4/34?
0
Suppose 137*x = 3126 + 8108. Calculate the remainder when x is divided by 68.
14
Let n(s) = -s**3 - s**2 + 2*s + 11. Let v be n(0). Suppose v*x - 15*x - 16 = 0. Calculate the remainder when 44 - (39/15 - x/10) is divided by 15.
11
Let w = -78 + 81. Suppose 61 = w*p + i, 5*i - 3*i + 49 = 3*p. What is the remainder when 71 is divided by p?
14
Suppose 2*l = 4*z + 54, 0 = 27*z - 31*z + 8. What is the remainder when 2320 is divided by l?
26
Suppose -2*t = -o - 316 - 302, -630 = -2*t - 2*o. Calculate the remainder when t is divided by 303.
8
Suppose -3837 = -18*a + 357. Let k = -228 + a. What is the remainder when 18 is divided by k?
3
Let o = -30775 - -30952. What is the remainder when o is divided by ((-23)/(-3))/(2/12)?
39
Let w(u) = u**3 - 18*u**2 + 25*u - 3. Let r be w(18). Calculate the remainder when (-1)/(-7) - r/(-7) is divided by 35.
29
Let h be (-2)/5*(8 - (17 + 1)). Suppose -h*p - 5*a = 31, 5*p + 5 = -0*p + 5*a. Calculate the remainder when 133 is divided by 4 + (-2)/p*(-52)/(-2).
14
Let g = 37 - 45. Calculate the remainder when 3 + 14/(-4)*-16 is divided by ((-3)/12)/(-1) - 94/g.
11
Let d(o) = -2*o**3 + 2*o**2 + 2. Suppose -5*r = -3*r - 4. Let p be d(r). What is the remainder when (-4)/p - (-507)/9 is divided by 5?
2
Let n = 75 - 110. Let d = n - -25. Calculate the remainder when 19 is divided by (-141)/(-15) + (-6)/d.
9
Let b be 12*(-3)/(-9) - 21. Let p(n) = -6*n - 88. What is the remainder when 38 is divided by p(b)?
10
Let o = 185 - -816. What is the remainder when o is divided by 22?
11
Let g = -110386 + 110409. Let s = 155 - 67. Calculate the remainder when s is divided by g.
19
Let j be (-6)/4*4/(-3). Calculate the remainder when (-143)/22*(j + -4) is divided by 2.
1
Let t(w) = w + 2*w + 53 + 27 - 13. What is the remainder when 53 is divided by t(-20)?
4
Let n = 2125 - 2070. Suppose -j - j = r + 4, -16 = 2*j + 4*r. Suppose j = 3*c - 46 - 38. What is the remainder when n is divided by c?
27
Suppose -6*c - 264 = -2*c. Let g be ((-143)/(-33) + 5)*-3. Let f = g - c. Calculate the remainder when f is divided by 21.
17
What is the remainder when 268 is divided by (5/((-30)/8))/((-144)/2700)?
18
Calculate the remainder when (55 - 64) + (-2994)/(-4)*2 is divided by 136.
128
Suppose -8483514 = -528*c + 3305670. What is the remainder when c is divided by 154?
152
Let y = 1116 + -467. Let r = y + -585. Calculate the remainder when r is divided by 19.
7
Suppose 0 = -14*b + 11*b + 6. Let n be b/((-22)/24 - 3/(-12)). Let t(o) = -5*o**3 - 2*o**2 - 10. What is the remainder when t(n) is divided by 27?
26
Suppose -3*x = 79 - 91, -3443 = -5*q - 2*x. What is the remainder when q is divided by 46?
43
Let o(k) = -2*k**2 + 21*k + 20. Let q(y) be the second derivative of -2*y**3/3 - 9*y**2/2 + 4*y. What is the remainder when q(-11) is divided by o(11)?
8
Calculate the remainder when (((-2070)/(-150))/(-23))/((-2)/1070) is divided by (-4)/6 - (-394)/6.
61
Let a(h) = -h**3 - h**2 + 24*h + 167. Calculate the remainder when a(0) is divided by 6.
5
Suppose 27*f - 52*f - 55 = -30*f. What is the remainder when 2924 is divided by f?
9
Suppose 541 = -3*y + 4*y. Suppo